{"id":1561,"date":"2025-10-30T16:32:49","date_gmt":"2025-10-30T13:32:49","guid":{"rendered":"https:\/\/semelektronik.com\/?page_id=1561"},"modified":"2025-11-01T18:10:36","modified_gmt":"2025-11-01T15:10:36","slug":"prototipleme-ve-test-hizmetleri","status":"publish","type":"page","link":"https:\/\/semelektronik.com\/?page_id=1561","title":{"rendered":"Prototipleme ve Test Hizmetleri"},"content":{"rendered":"\t\t<div data-elementor-type=\"wp-page\" data-elementor-id=\"1561\" class=\"elementor elementor-1561\">\n\t\t\t\t<div class=\"elementor-element elementor-element-9660584 e-flex e-con-boxed e-con e-parent\" data-id=\"9660584\" data-element_type=\"container\" data-settings=\"{&quot;background_background&quot;:&quot;classic&quot;}\">\n\t\t\t\t\t<div class=\"e-con-inner\">\n\t\t<div class=\"elementor-element elementor-element-3f08a2d e-flex e-con-boxed e-con e-child\" data-id=\"3f08a2d\" data-element_type=\"container\">\n\t\t\t\t\t<div class=\"e-con-inner\">\n\t\t<div class=\"elementor-element elementor-element-03dae55 e-con-full e-flex e-con e-child\" data-id=\"03dae55\" data-element_type=\"container\">\n\t\t\t\t<div class=\"elementor-element elementor-element-fadf5b8 elementor-widget elementor-widget-image\" data-id=\"fadf5b8\" data-element_type=\"widget\" data-widget_type=\"image.default\">\n\t\t\t\t\t\t\t\t\t\t\t\t\t\t\t<img fetchpriority=\"high\" decoding=\"async\" width=\"1280\" height=\"854\" src=\"https:\/\/semelektronik.com\/wp-content\/uploads\/2025\/10\/prototype.jpg\" class=\"attachment-full size-full wp-image-1563\" alt=\"\" srcset=\"https:\/\/semelektronik.com\/wp-content\/uploads\/2025\/10\/prototype.jpg 1280w, https:\/\/semelektronik.com\/wp-content\/uploads\/2025\/10\/prototype-300x200.jpg 300w, https:\/\/semelektronik.com\/wp-content\/uploads\/2025\/10\/prototype-1024x683.jpg 1024w, https:\/\/semelektronik.com\/wp-content\/uploads\/2025\/10\/prototype-768x512.jpg 768w\" sizes=\"(max-width: 1280px) 100vw, 1280px\" \/>\t\t\t\t\t\t\t\t\t\t\t\t\t\t\t<\/div>\n\t\t\t\t<\/div>\n\t\t\t\t\t<\/div>\n\t\t\t\t<\/div>\n\t\t\t\t\t<\/div>\n\t\t\t\t<\/div>\n\t\t<div class=\"elementor-element elementor-element-a7ce6d1 e-flex e-con-boxed e-con e-parent\" data-id=\"a7ce6d1\" data-element_type=\"container\">\n\t\t\t\t\t<div class=\"e-con-inner\">\n\t\t\t\t<div class=\"elementor-element elementor-element-accb437 elementor-widget elementor-widget-heading\" data-id=\"accb437\" data-element_type=\"widget\" data-widget_type=\"heading.default\">\n\t\t\t\t\t<h2 class=\"elementor-heading-title elementor-size-default\">Prototipleme ve Test Hizmetleri<\/h2>\t\t\t\t<\/div>\n\t\t\t\t\t<\/div>\n\t\t\t\t<\/div>\n\t\t<div class=\"elementor-element elementor-element-202cbd5 e-flex e-con-boxed e-con e-parent\" data-id=\"202cbd5\" data-element_type=\"container\">\n\t\t\t\t\t<div class=\"e-con-inner\">\n\t\t\t\t<div class=\"elementor-element elementor-element-8657f53 elementor-widget elementor-widget-text-editor\" data-id=\"8657f53\" data-element_type=\"widget\" data-widget_type=\"text-editor.default\">\n\t\t\t\t\t\t\t\t\t<p data-start=\"189\" data-end=\"462\">eni bir elektronik \u00fcr\u00fcn\u00fcn ba\u015far\u0131s\u0131, do\u011fru prototipleme ve kapsaml\u0131 test s\u00fcre\u00e7lerinden ge\u00e7mesine ba\u011fl\u0131d\u0131r. Firmam\u0131z, geli\u015ftirdi\u011fimiz sistemlerin sahada g\u00fcvenle \u00e7al\u0131\u015fmas\u0131n\u0131 sa\u011flamak amac\u0131yla, <strong data-start=\"380\" data-end=\"417\">prototipleme ve test hizmetlerini<\/strong> y\u00fcksek kalite standartlar\u0131nda sunmaktad\u0131r.<\/p><p data-start=\"464\" data-end=\"860\">Prototipleme a\u015famas\u0131nda, tasar\u0131mlar\u0131n\u0131z\u0131 h\u0131zl\u0131 ve do\u011fru bi\u00e7imde fiziksel \u00fcr\u00fcne d\u00f6n\u00fc\u015ft\u00fcrerek, olas\u0131 tasar\u0131m hatalar\u0131n\u0131 erken a\u015famada tespit etmenizi sa\u011fl\u0131yoruz. H\u0131zl\u0131 devre kart\u0131 \u00fcretimi, bile\u015fen montaj\u0131 ve fonksiyonel testler dahil olmak \u00fczere t\u00fcm s\u00fcre\u00e7leri kendi m\u00fchendislik ekibimizle y\u00fcr\u00fct\u00fcyoruz. B\u00f6ylece \u00fcr\u00fcn geli\u015ftirme s\u00fcrenizi k\u0131salt\u0131yor, Ar-Ge yat\u0131r\u0131mlar\u0131n\u0131z\u0131n verimlili\u011fini art\u0131r\u0131yoruz.<\/p><p data-start=\"862\" data-end=\"1164\">Test s\u00fcre\u00e7lerinde ise, <strong data-start=\"885\" data-end=\"910\">fonksiyonel do\u011frulama<\/strong>, <strong data-start=\"912\" data-end=\"933\">performans \u00f6l\u00e7\u00fcm\u00fc<\/strong>, <strong data-start=\"935\" data-end=\"960\">dayan\u0131kl\u0131l\u0131k testleri<\/strong> ve <strong data-start=\"964\" data-end=\"986\">EMC\/EMI analizleri<\/strong> gibi kapsaml\u0131 kontroller ger\u00e7ekle\u015ftiriyoruz. Bu sayede \u00fcr\u00fcnlerinizin hem uluslararas\u0131 standartlara uygunlu\u011funu hem de uzun \u00f6m\u00fcrl\u00fc kullan\u0131m g\u00fcvenli\u011fini garanti alt\u0131na al\u0131yoruz.<\/p><p data-start=\"1166\" data-end=\"1367\">Her projede hedefimiz, tasar\u0131mdan \u00fcretime uzanan s\u00fcre\u00e7te m\u00fc\u015fterilerimize <strong data-start=\"1239\" data-end=\"1276\">h\u0131zl\u0131, g\u00fcvenilir ve maliyet etkin<\/strong> \u00e7\u00f6z\u00fcmler sunmak; fikir a\u015famas\u0131ndaki bir konsepti, sahada \u00e7al\u0131\u015fan bir \u00fcr\u00fcne d\u00f6n\u00fc\u015ft\u00fcrmektir.<\/p>\t\t\t\t\t\t\t\t<\/div>\n\t\t\t\t\t<\/div>\n\t\t\t\t<\/div>\n\t\t<div class=\"elementor-element elementor-element-fd1dabc e-flex e-con-boxed e-con e-parent\" data-id=\"fd1dabc\" data-element_type=\"container\">\n\t\t\t\t\t<div class=\"e-con-inner\">\n\t\t\t\t<div class=\"elementor-element elementor-element-2eaf6af elementor-widget elementor-widget-spacer\" data-id=\"2eaf6af\" data-element_type=\"widget\" data-widget_type=\"spacer.default\">\n\t\t\t\t\t\t\t<div class=\"elementor-spacer\">\n\t\t\t<div class=\"elementor-spacer-inner\"><\/div>\n\t\t<\/div>\n\t\t\t\t\t\t<\/div>\n\t\t\t\t\t<\/div>\n\t\t\t\t<\/div>\n\t\t\t\t<\/div>\n\t\t","protected":false},"excerpt":{"rendered":"<p>Prototipleme ve Test Hizmetleri eni bir elektronik \u00fcr\u00fcn\u00fcn ba\u015far\u0131s\u0131, do\u011fru prototipleme ve kapsaml\u0131 test s\u00fcre\u00e7lerinden ge\u00e7mesine ba\u011fl\u0131d\u0131r. Firmam\u0131z, geli\u015ftirdi\u011fimiz sistemlerin sahada g\u00fcvenle \u00e7al\u0131\u015fmas\u0131n\u0131 sa\u011flamak amac\u0131yla, prototipleme ve test hizmetlerini y\u00fcksek kalite standartlar\u0131nda sunmaktad\u0131r. Prototipleme a\u015famas\u0131nda, tasar\u0131mlar\u0131n\u0131z\u0131 h\u0131zl\u0131 ve do\u011fru bi\u00e7imde fiziksel \u00fcr\u00fcne d\u00f6n\u00fc\u015ft\u00fcrerek, olas\u0131 tasar\u0131m hatalar\u0131n\u0131 erken a\u015famada tespit etmenizi sa\u011fl\u0131yoruz. H\u0131zl\u0131 devre kart\u0131 \u00fcretimi, [&hellip;]<\/p>\n","protected":false},"author":1,"featured_media":0,"parent":0,"menu_order":0,"comment_status":"closed","ping_status":"closed","template":"elementor_header_footer","meta":{"footnotes":""},"class_list":["post-1561","page","type-page","status-publish","hentry"],"blocksy_meta":[],"_links":{"self":[{"href":"https:\/\/semelektronik.com\/index.php?rest_route=\/wp\/v2\/pages\/1561","targetHints":{"allow":["GET"]}}],"collection":[{"href":"https:\/\/semelektronik.com\/index.php?rest_route=\/wp\/v2\/pages"}],"about":[{"href":"https:\/\/semelektronik.com\/index.php?rest_route=\/wp\/v2\/types\/page"}],"author":[{"embeddable":true,"href":"https:\/\/semelektronik.com\/index.php?rest_route=\/wp\/v2\/users\/1"}],"replies":[{"embeddable":true,"href":"https:\/\/semelektronik.com\/index.php?rest_route=%2Fwp%2Fv2%2Fcomments&post=1561"}],"version-history":[{"count":11,"href":"https:\/\/semelektronik.com\/index.php?rest_route=\/wp\/v2\/pages\/1561\/revisions"}],"predecessor-version":[{"id":1712,"href":"https:\/\/semelektronik.com\/index.php?rest_route=\/wp\/v2\/pages\/1561\/revisions\/1712"}],"wp:attachment":[{"href":"https:\/\/semelektronik.com\/index.php?rest_route=%2Fwp%2Fv2%2Fmedia&parent=1561"}],"curies":[{"name":"wp","href":"https:\/\/api.w.org\/{rel}","templated":true}]}}