{"id":795,"date":"2022-07-28T07:00:50","date_gmt":"2022-07-28T07:00:50","guid":{"rendered":"https:\/\/startersites.io\/elementor\/bizconsult\/?page_id=795"},"modified":"2025-11-01T15:59:02","modified_gmt":"2025-11-01T12:59:02","slug":"home","status":"publish","type":"page","link":"https:\/\/semelektronik.com\/","title":{"rendered":"Home"},"content":{"rendered":"\t\t<div data-elementor-type=\"wp-page\" data-elementor-id=\"795\" class=\"elementor elementor-795\">\n\t\t\t\t<div class=\"elementor-element elementor-element-1558b93 e-flex e-con-boxed e-con e-parent\" data-id=\"1558b93\" data-element_type=\"container\" data-settings=\"{&quot;background_background&quot;:&quot;classic&quot;}\">\n\t\t\t\t\t<div class=\"e-con-inner\">\n\t\t<div class=\"elementor-element elementor-element-a210a6e e-flex e-con-boxed e-con e-child\" data-id=\"a210a6e\" data-element_type=\"container\">\n\t\t\t\t\t<div class=\"e-con-inner\">\n\t\t<div class=\"elementor-element elementor-element-44ee779 e-con-full e-flex e-con e-child\" data-id=\"44ee779\" data-element_type=\"container\">\n\t\t\t\t<div class=\"elementor-element elementor-element-82d38bd elementor-widget elementor-widget-heading\" data-id=\"82d38bd\" data-element_type=\"widget\" data-widget_type=\"heading.default\">\n\t\t\t\t\t<h2 class=\"elementor-heading-title elementor-size-default\">\u0130\u015finizdeki arkada\u015f\u0131n\u0131z<\/h2>\t\t\t\t<\/div>\n\t\t\t\t<\/div>\n\t\t<div class=\"elementor-element elementor-element-d84342b e-con-full e-flex e-con e-child\" data-id=\"d84342b\" data-element_type=\"container\">\n\t\t\t\t<div class=\"elementor-element elementor-element-695e1f7 elementor-widget elementor-widget-text-editor\" data-id=\"695e1f7\" data-element_type=\"widget\" data-widget_type=\"text-editor.default\">\n\t\t\t\t\t\t\t\t\t<p>Donan\u0131m Tasar\u0131m\u0131, PCB Devre Bask\u0131s\u0131, Ar-Ge Dan\u0131\u015fmanl\u0131k ve G\u00f6m\u00fcl\u00fc Sistemlerdeki deneyimlerimiz ile sizlerleyiz.<\/p>\t\t\t\t\t\t\t\t<\/div>\n\t\t\t\t<\/div>\n\t\t\t\t\t<\/div>\n\t\t\t\t<\/div>\n\t\t<div class=\"elementor-element elementor-element-9689952 e-con-full e-flex e-con e-child\" data-id=\"9689952\" data-element_type=\"container\" data-settings=\"{&quot;background_background&quot;:&quot;classic&quot;}\">\n\t\t\t\t<\/div>\n\t\t\t\t\t<\/div>\n\t\t\t\t<\/div>\n\t\t<div class=\"elementor-element elementor-element-bad5ba8 e-flex e-con-boxed e-con e-parent\" data-id=\"bad5ba8\" data-element_type=\"container\" data-settings=\"{&quot;background_background&quot;:&quot;classic&quot;}\">\n\t\t\t\t\t<div class=\"e-con-inner\">\n\t\t\t\t<div class=\"elementor-element elementor-element-546629e elementor-widget__width-initial elementor-widget-tablet__width-inherit elementor-widget elementor-widget-image\" data-id=\"546629e\" data-element_type=\"widget\" data-widget_type=\"image.default\">\n\t\t\t\t\t\t\t\t\t\t\t\t\t\t\t<img fetchpriority=\"high\" decoding=\"async\" width=\"640\" height=\"960\" src=\"https:\/\/semelektronik.com\/wp-content\/uploads\/2025\/10\/electronic-circut-1.jpg\" class=\"attachment-large size-large wp-image-1448\" alt=\"\" srcset=\"https:\/\/semelektronik.com\/wp-content\/uploads\/2025\/10\/electronic-circut-1.jpg 640w, https:\/\/semelektronik.com\/wp-content\/uploads\/2025\/10\/electronic-circut-1-200x300.jpg 200w\" sizes=\"(max-width: 640px) 100vw, 640px\" \/>\t\t\t\t\t\t\t\t\t\t\t\t\t\t\t<\/div>\n\t\t<div class=\"elementor-element elementor-element-6e4c1bf e-con-full e-flex e-con e-child\" data-id=\"6e4c1bf\" data-element_type=\"container\">\n\t\t\t\t<div class=\"elementor-element elementor-element-0cd4af7 elementor-widget elementor-widget-heading\" data-id=\"0cd4af7\" data-element_type=\"widget\" data-widget_type=\"heading.default\">\n\t\t\t\t\t<h3 class=\"elementor-heading-title elementor-size-default\">Hakk\u0131m\u0131zda bilmeniz gerekenler<\/h3>\t\t\t\t<\/div>\n\t\t\t\t<div class=\"elementor-element elementor-element-83e4de6 elementor-widget elementor-widget-text-editor\" data-id=\"83e4de6\" data-element_type=\"widget\" data-widget_type=\"text-editor.default\">\n\t\t\t\t\t\t\t\t\t<p>Yenilik\u00e7i m\u00fchendisli\u011fimizle, gelece\u011fin elektronik devrelerini bug\u00fcn tasarl\u0131yor; estetik, verimlilik ve teknolojiyi m\u00fckemmel uyumla bulu\u015fturuyoruz.<\/p>\t\t\t\t\t\t\t\t<\/div>\n\t\t<div class=\"elementor-element elementor-element-da2ba61 e-flex e-con-boxed e-con e-child\" data-id=\"da2ba61\" data-element_type=\"container\">\n\t\t\t\t\t<div class=\"e-con-inner\">\n\t\t\t\t<div class=\"elementor-element elementor-element-ea0e4b2 elementor-widget__width-initial elementor-widget-mobile__width-inherit elementor-widget elementor-widget-counter\" data-id=\"ea0e4b2\" data-element_type=\"widget\" data-widget_type=\"counter.default\">\n\t\t\t\t\t\t\t<div class=\"elementor-counter\">\n\t\t\t<div class=\"elementor-counter-title\">Y\u0131l Deneyim<\/div>\t\t\t<div class=\"elementor-counter-number-wrapper\">\n\t\t\t\t<span class=\"elementor-counter-number-prefix\"><\/span>\n\t\t\t\t<span class=\"elementor-counter-number\" data-duration=\"2000\" data-to-value=\"10\" data-from-value=\"0\" data-delimiter=\",\">0<\/span>\n\t\t\t\t<span class=\"elementor-counter-number-suffix\">+<\/span>\n\t\t\t<\/div>\n\t\t<\/div>\n\t\t\t\t\t\t<\/div>\n\t\t\t\t<div class=\"elementor-element elementor-element-2338faf elementor-widget__width-initial elementor-widget-mobile__width-inherit elementor-widget elementor-widget-counter\" data-id=\"2338faf\" data-element_type=\"widget\" data-widget_type=\"counter.default\">\n\t\t\t\t\t\t\t<div class=\"elementor-counter\">\n\t\t\t<div class=\"elementor-counter-title\">M\u00fc\u015fteri<\/div>\t\t\t<div class=\"elementor-counter-number-wrapper\">\n\t\t\t\t<span class=\"elementor-counter-number-prefix\"><\/span>\n\t\t\t\t<span class=\"elementor-counter-number\" data-duration=\"2000\" data-to-value=\"100\" data-from-value=\"0\" data-delimiter=\",\">0<\/span>\n\t\t\t\t<span class=\"elementor-counter-number-suffix\">+<\/span>\n\t\t\t<\/div>\n\t\t<\/div>\n\t\t\t\t\t\t<\/div>\n\t\t\t\t<div class=\"elementor-element elementor-element-9d1196a elementor-widget__width-initial elementor-widget-mobile__width-inherit elementor-widget elementor-widget-counter\" data-id=\"9d1196a\" data-element_type=\"widget\" data-widget_type=\"counter.default\">\n\t\t\t\t\t\t\t<div class=\"elementor-counter\">\n\t\t\t<div class=\"elementor-counter-title\">Memnuniyet<\/div>\t\t\t<div class=\"elementor-counter-number-wrapper\">\n\t\t\t\t<span class=\"elementor-counter-number-prefix\"><\/span>\n\t\t\t\t<span class=\"elementor-counter-number\" data-duration=\"2000\" data-to-value=\"100\" data-from-value=\"0\" data-delimiter=\",\">0<\/span>\n\t\t\t\t<span class=\"elementor-counter-number-suffix\">%<\/span>\n\t\t\t<\/div>\n\t\t<\/div>\n\t\t\t\t\t\t<\/div>\n\t\t\t\t\t<\/div>\n\t\t\t\t<\/div>\n\t\t\t\t<\/div>\n\t\t\t\t\t<\/div>\n\t\t\t\t<\/div>\n\t\t<div class=\"elementor-element elementor-element-50bc72b e-flex e-con-boxed e-con e-parent\" data-id=\"50bc72b\" data-element_type=\"container\">\n\t\t\t\t\t<div class=\"e-con-inner\">\n\t\t<div class=\"elementor-element elementor-element-f7c9987 e-con-full e-flex e-con e-child\" data-id=\"f7c9987\" data-element_type=\"container\">\n\t\t\t\t<div class=\"elementor-element elementor-element-5ca9209 elementor-widget elementor-widget-heading\" data-id=\"5ca9209\" data-element_type=\"widget\" data-widget_type=\"heading.default\">\n\t\t\t\t\t<h2 class=\"elementor-heading-title elementor-size-default\">Hangi Hizmetleri Sunuyoruz?<\/h2>\t\t\t\t<\/div>\n\t\t\t\t<\/div>\n\t\t<div class=\"elementor-element elementor-element-6dadb28 e-con-full e-flex e-con e-child\" data-id=\"6dadb28\" data-element_type=\"container\">\n\t\t\t\t<div class=\"elementor-element elementor-element-c7ce522 elementor-widget elementor-widget-text-editor\" data-id=\"c7ce522\" data-element_type=\"widget\" data-widget_type=\"text-editor.default\">\n\t\t\t\t\t\t\t\t\t<p>Y\u00fcksek performansl\u0131, g\u00fcvenilir ve \u00f6zelle\u015ftirilmi\u015f elektronik \u00e7\u00f6z\u00fcmler sunuyoruz.<\/p>\t\t\t\t\t\t\t\t<\/div>\n\t\t\t\t<\/div>\n\t\t\t\t\t<\/div>\n\t\t\t\t<\/div>\n\t\t<div class=\"elementor-element elementor-element-e2fac43 e-flex e-con-boxed e-con e-parent\" data-id=\"e2fac43\" data-element_type=\"container\">\n\t\t\t\t\t<div class=\"e-con-inner\">\n\t\t<div class=\"elementor-element elementor-element-37a43e2 e-con-full ct-iconbox e-flex e-con e-child\" data-id=\"37a43e2\" data-element_type=\"container\" data-settings=\"{&quot;background_background&quot;:&quot;classic&quot;}\">\n\t\t\t\t<div class=\"elementor-element elementor-element-0b8e561 elementor-view-default elementor-position-block-start elementor-mobile-position-block-start elementor-widget elementor-widget-icon-box\" data-id=\"0b8e561\" data-element_type=\"widget\" data-widget_type=\"icon-box.default\">\n\t\t\t\t\t\t\t<div class=\"elementor-icon-box-wrapper\">\n\n\t\t\t\t\t\t<div class=\"elementor-icon-box-icon\">\n\t\t\t\t<span  class=\"elementor-icon\">\n\t\t\t\t<svg xmlns=\"http:\/\/www.w3.org\/2000\/svg\" viewBox=\"0 0 70 70\"><path d=\"m49.5 70-3.9-.8a19 19 0 1 1 24-21.9l.1.7a19 19 0 0 1-14.4 21.6l-2.7.5-3.1-.1zm-39.1 0-.4-.1c-4.6-.7-8.4-4-9.6-8.6L0 59.6V57c.3-.9.4-1.9.8-2.8C2.5 49.6 7 46.5 12 46.6a11.6 11.6 0 0 0 10.1-17 11.3 11.3 0 0 0-10.2-6.3c-5.4 0-10.1-3.6-11.5-8.9L0 13v-2.6l.1-.4a11.7 11.7 0 0 1 23.3 2 11.6 11.6 0 0 0 17.2 9.9c3.8-2 6.2-6 6.1-10.3A11.6 11.6 0 0 1 59.9.1a11.7 11.7 0 0 1-.4 23.2c-1.9.2-3.7.1-5.6.4a34.4 34.4 0 0 0-26.9 19 33 33 0 0 0-3.7 15.4c.1 5-2.9 9.4-7.6 11.2l-2.9.8-2.4-.1z\"><\/path><\/svg>\t\t\t\t<\/span>\n\t\t\t<\/div>\n\t\t\t\n\t\t\t\t\t\t<div class=\"elementor-icon-box-content\">\n\n\t\t\t\t\t\t\t\t\t<h4 class=\"elementor-icon-box-title\">\n\t\t\t\t\t\t<span  >\n\t\t\t\t\t\t\tDonan\u0131m Tasar\u0131m\u0131 ve Geli\u015ftirme\t\t\t\t\t\t<\/span>\n\t\t\t\t\t<\/h4>\n\t\t\t\t\n\t\t\t\t\t\t\t\t\t<p class=\"elementor-icon-box-description\">\n\t\t\t\t\t\tYenilik\u00e7i, verimli ve g\u00fcvenilir donan\u0131m \u00e7\u00f6z\u00fcmleri geli\u015ftiriyoruz.\t\t\t\t\t<\/p>\n\t\t\t\t\n\t\t\t<\/div>\n\t\t\t\n\t\t<\/div>\n\t\t\t\t\t\t<\/div>\n\t\t\t\t<\/div>\n\t\t<div class=\"elementor-element elementor-element-beccbe0 e-con-full ct-iconbox e-flex e-con e-child\" data-id=\"beccbe0\" data-element_type=\"container\" data-settings=\"{&quot;background_background&quot;:&quot;classic&quot;}\">\n\t\t\t\t<div class=\"elementor-element elementor-element-575be3b elementor-view-default elementor-position-block-start elementor-mobile-position-block-start elementor-widget elementor-widget-icon-box\" data-id=\"575be3b\" data-element_type=\"widget\" data-widget_type=\"icon-box.default\">\n\t\t\t\t\t\t\t<div class=\"elementor-icon-box-wrapper\">\n\n\t\t\t\t\t\t<div class=\"elementor-icon-box-icon\">\n\t\t\t\t<span  class=\"elementor-icon\">\n\t\t\t\t<svg xmlns=\"http:\/\/www.w3.org\/2000\/svg\" viewBox=\"0 0 70 70\"><path d=\"M25.6 70a5.8 5.8 0 0 1-6.1-5.2V45.2a5.6 5.6 0 0 1 5.2-6h19.7a5.7 5.7 0 0 1 6 5.3V64c0 3.8-2.3 6.1-6.1 6.1h-9.4l-9.3-.1zm28.9-16.3h-.7v-4.2c0-1.9.1-3.7-.1-5.6a8.8 8.8 0 0 0-9.1-8.1H32.5V22.3a5.7 5.7 0 0 1 5.4-6H64a5.7 5.7 0 0 1 6 5.3v26.2a5.7 5.7 0 0 1-5.4 6h-4.3l-5.8-.1zM4.6 42.2A5.6 5.6 0 0 1 0 36.9v-3.7c.1-3 2.5-5.4 5.5-5.4h4.1c2.6.3 4.7 2.4 4.9 5v4.5a5.3 5.3 0 0 1-4.7 5l-2.5.2-2.7-.3zm18.6-11.6a5.5 5.5 0 0 1-3.7-5.1V5.4c0-3 2.5-5.4 5.4-5.4H45c3 0 5.4 2.4 5.4 5.4V13h-12a9 9 0 0 0-9.1 8.8v9.1H26a9 9 0 0 1-2.8-.3z\"><\/path><\/svg>\t\t\t\t<\/span>\n\t\t\t<\/div>\n\t\t\t\n\t\t\t\t\t\t<div class=\"elementor-icon-box-content\">\n\n\t\t\t\t\t\t\t\t\t<h4 class=\"elementor-icon-box-title\">\n\t\t\t\t\t\t<span  >\n\t\t\t\t\t\t\tG\u00f6m\u00fcl\u00fc Sistem \u00c7\u00f6z\u00fcmleri\t\t\t\t\t\t<\/span>\n\t\t\t\t\t<\/h4>\n\t\t\t\t\n\t\t\t\t\t\t\t\t\t<p class=\"elementor-icon-box-description\">\n\t\t\t\t\t\tAk\u0131ll\u0131 cihazlar i\u00e7in \u00f6zel, entegre g\u00f6m\u00fcl\u00fc yaz\u0131l\u0131m \u00e7\u00f6z\u00fcmleri sunuyoruz.\t\t\t\t\t<\/p>\n\t\t\t\t\n\t\t\t<\/div>\n\t\t\t\n\t\t<\/div>\n\t\t\t\t\t\t<\/div>\n\t\t\t\t<\/div>\n\t\t<div class=\"elementor-element elementor-element-a8e85f9 e-con-full ct-iconbox e-flex e-con e-child\" data-id=\"a8e85f9\" data-element_type=\"container\" data-settings=\"{&quot;background_background&quot;:&quot;classic&quot;}\">\n\t\t\t\t<div class=\"elementor-element elementor-element-97a6acc elementor-view-default elementor-position-block-start elementor-mobile-position-block-start elementor-widget elementor-widget-icon-box\" data-id=\"97a6acc\" data-element_type=\"widget\" data-widget_type=\"icon-box.default\">\n\t\t\t\t\t\t\t<div class=\"elementor-icon-box-wrapper\">\n\n\t\t\t\t\t\t<div class=\"elementor-icon-box-icon\">\n\t\t\t\t<span  class=\"elementor-icon\">\n\t\t\t\t<svg xmlns=\"http:\/\/www.w3.org\/2000\/svg\" viewBox=\"0 0 70 70\"><path d=\"m34.5 69.4-14.3-8.2c-.4-.2-.6-.6-.5-1V43.9c0-.4.2-.7.5-.9l14.3-8.2a1 1 0 0 1 1 0L49.8 43c.3.2.5.5.5.9v16.3c.1.4-.2.8-.5 1l-14.3 8.2-.5.2-.5-.2zM14.8 35.1.5 26.9c-.3-.1-.5-.5-.5-.8V9.7c0-.4.2-.7.5-.9L14.8.6a1 1 0 0 1 1 0L30 8.7c.4.2.6.6.6 1V26c0 .4-.2.7-.5.9l-14.3 8.2-.5.2-.5-.2zm39.3 0L40 27c-.4-.2-.6-.6-.6-1V9.7c0-.4.2-.8.6-1L54.2.6c.3-.2.7-.3 1-.1l14.9 8.6v17.6l-.7.3-14.1 8.1-.6.2-.6-.2z\"><\/path><\/svg>\t\t\t\t<\/span>\n\t\t\t<\/div>\n\t\t\t\n\t\t\t\t\t\t<div class=\"elementor-icon-box-content\">\n\n\t\t\t\t\t\t\t\t\t<h4 class=\"elementor-icon-box-title\">\n\t\t\t\t\t\t<span  >\n\t\t\t\t\t\t\tAr-Ge ve Dan\u0131\u015fmanl\u0131k Hizmetleri\t\t\t\t\t\t<\/span>\n\t\t\t\t\t<\/h4>\n\t\t\t\t\n\t\t\t\t\t\t\t\t\t<p class=\"elementor-icon-box-description\">\n\t\t\t\t\t\tTeknolojik yenilikler i\u00e7in uzman m\u00fchendislik deste\u011fi ve stratejik rehberlik sa\u011fl\u0131yoruz.\t\t\t\t\t<\/p>\n\t\t\t\t\n\t\t\t<\/div>\n\t\t\t\n\t\t<\/div>\n\t\t\t\t\t\t<\/div>\n\t\t\t\t<\/div>\n\t\t<div class=\"elementor-element elementor-element-443fad0 e-con-full ct-iconbox e-flex e-con e-child\" data-id=\"443fad0\" data-element_type=\"container\" data-settings=\"{&quot;background_background&quot;:&quot;classic&quot;}\">\n\t\t\t\t<div class=\"elementor-element elementor-element-79ade35 elementor-view-default elementor-position-block-start elementor-mobile-position-block-start elementor-widget elementor-widget-icon-box\" data-id=\"79ade35\" data-element_type=\"widget\" data-widget_type=\"icon-box.default\">\n\t\t\t\t\t\t\t<div class=\"elementor-icon-box-wrapper\">\n\n\t\t\t\t\t\t<div class=\"elementor-icon-box-icon\">\n\t\t\t\t<span  class=\"elementor-icon\">\n\t\t\t\t<svg xmlns=\"http:\/\/www.w3.org\/2000\/svg\" viewBox=\"0 0 70 70\"><path d=\"M23.4 70V58.3c9.9.6 18.5-2.3 25.5-9.3 7-7 10-15.6 9.3-25.5H70V70H23.4zm0-17.7V23.4h28.9A26.1 26.1 0 0 1 29 52.3l-2.6.2-3-.2zm-9.7-3A25.8 25.8 0 0 1 .8 32.5c-.4-1.5-.5-3-.8-4.6v-3.4l.3-1.8A26 26 0 0 1 24.5 0h3.4l4.1.7a26.2 26.2 0 0 1 18.7 16.1l.2.7H17.5v33.6c-1.3-.6-2.6-1.1-3.8-1.8z\"><\/path><\/svg>\t\t\t\t<\/span>\n\t\t\t<\/div>\n\t\t\t\n\t\t\t\t\t\t<div class=\"elementor-icon-box-content\">\n\n\t\t\t\t\t\t\t\t\t<h4 class=\"elementor-icon-box-title\">\n\t\t\t\t\t\t<span  >\n\t\t\t\t\t\t\tPCB (Bask\u0131 Devre) Tasar\u0131m\u0131\t\t\t\t\t\t<\/span>\n\t\t\t\t\t<\/h4>\n\t\t\t\t\n\t\t\t\t\t\t\t\t\t<p class=\"elementor-icon-box-description\">\n\t\t\t\t\t\tY\u00fcksek kalite, d\u00fc\u015f\u00fck g\u00fcr\u00fclt\u00fc ve optimize devre kartlar\u0131 tasarl\u0131yoruz.\t\t\t\t\t<\/p>\n\t\t\t\t\n\t\t\t<\/div>\n\t\t\t\n\t\t<\/div>\n\t\t\t\t\t\t<\/div>\n\t\t\t\t<\/div>\n\t\t<div class=\"elementor-element elementor-element-274293e e-con-full ct-iconbox e-flex e-con e-child\" data-id=\"274293e\" data-element_type=\"container\" data-settings=\"{&quot;background_background&quot;:&quot;classic&quot;}\">\n\t\t\t\t<div class=\"elementor-element elementor-element-46a24a3 elementor-view-default elementor-position-block-start elementor-mobile-position-block-start elementor-widget elementor-widget-icon-box\" data-id=\"46a24a3\" data-element_type=\"widget\" data-widget_type=\"icon-box.default\">\n\t\t\t\t\t\t\t<div class=\"elementor-icon-box-wrapper\">\n\n\t\t\t\t\t\t<div class=\"elementor-icon-box-icon\">\n\t\t\t\t<span  class=\"elementor-icon\">\n\t\t\t\t<svg xmlns=\"http:\/\/www.w3.org\/2000\/svg\" viewBox=\"0 0 70 70\"><path d=\"m34.9 70-.6-.4L4 52.8c-.4-.2-.7-.6-.6-1.1V18c0-.4.2-.8.6-1L34.4.2a1 1 0 0 1 1.1 0L66 17.1c.4.2.6.6.6 1v33.7c0 .5-.2.9-.6 1.1L35.7 69.6l-.6.4h-.2zm-.4-54.8-17 9.4c-.4.2-.6.5-.5.9v18.8c0 .4.2.8.6.9l17 9.4c.3.2.7.2 1.1 0l17-9.4c.4-.2.6-.5.6-1V25.5a1 1 0 0 0-.5-.9l-17.1-9.4-.5-.2-.7.2zm.1 33.2-11.4-6.3c-.3-.1-.5-.5-.5-.9V28.6c0-.3.2-.7.5-.8l11.4-6.3c.3-.2.6-.2.9 0l11.4 6.3c.3.1.5.5.5.8v12.7c0 .3-.2.6-.4.7l-11.5 6.4-.4.1-.5-.1z\"><\/path><\/svg>\t\t\t\t<\/span>\n\t\t\t<\/div>\n\t\t\t\n\t\t\t\t\t\t<div class=\"elementor-icon-box-content\">\n\n\t\t\t\t\t\t\t\t\t<h4 class=\"elementor-icon-box-title\">\n\t\t\t\t\t\t<span  >\n\t\t\t\t\t\t\t\u00dcr\u00fcn Optimizasyonu ve Revizyonu\t\t\t\t\t\t<\/span>\n\t\t\t\t\t<\/h4>\n\t\t\t\t\n\t\t\t\t\t\t\t\t\t<p class=\"elementor-icon-box-description\">\n\t\t\t\t\t\tMevcut tasar\u0131mlar\u0131 geli\u015ftirip, verimlili\u011fi ve kararl\u0131l\u0131\u011f\u0131 art\u0131r\u0131yoruz.\t\t\t\t\t<\/p>\n\t\t\t\t\n\t\t\t<\/div>\n\t\t\t\n\t\t<\/div>\n\t\t\t\t\t\t<\/div>\n\t\t\t\t<\/div>\n\t\t<div class=\"elementor-element elementor-element-0d5a5b2 e-con-full ct-iconbox e-flex e-con e-child\" data-id=\"0d5a5b2\" data-element_type=\"container\" data-settings=\"{&quot;background_background&quot;:&quot;classic&quot;}\">\n\t\t\t\t<div class=\"elementor-element elementor-element-489510c elementor-view-default elementor-position-block-start elementor-mobile-position-block-start elementor-widget elementor-widget-icon-box\" data-id=\"489510c\" data-element_type=\"widget\" data-widget_type=\"icon-box.default\">\n\t\t\t\t\t\t\t<div class=\"elementor-icon-box-wrapper\">\n\n\t\t\t\t\t\t<div class=\"elementor-icon-box-icon\">\n\t\t\t\t<span  class=\"elementor-icon\">\n\t\t\t\t<svg xmlns=\"http:\/\/www.w3.org\/2000\/svg\" viewBox=\"0 0 70 70\"><path d=\"m47.6 69.9-4.3-.8c-4.9-1.3-9.1-4.3-11.9-8.5s-4.1-9.2-3.4-14.2c.2-2.2.8-4.3 1.7-6.3a26.9 26.9 0 0 0 38.1.2l.2-.2c.2.7.6 1.3.7 1.9a21.3 21.3 0 0 1-18.1 28l-.3.1-2.7-.2zm-27.7 0-.3-.1A20.8 20.8 0 0 1 1 54.6a23 23 0 0 1-.9-4.4v-2.6l.8-4.4a19.7 19.7 0 0 1 10.5-12.9 21 21 0 0 1 16.3-1.4l2.2.8a26.9 26.9 0 0 0-.2 38.1l.2.2a15 15 0 0 1-4.8 1.5c-.9.1-1.9.2-2.8.5l-2.4-.1zm29-27.7c-3 0-6.1-.7-8.7-2a27 27 0 0 0 .2-38.1l-.2-.2.5-.2A23 23 0 0 1 48.9.1h.1c6.1 0 11.8 2.7 15.8 7.2l.2.3a21 21 0 0 1 .1 26.9l-.1.1c-4 4.8-9.8 7.6-16 7.6h-.1zM.5 25.2 0 22.4v-2.6l.8-4.4a21 21 0 0 1 41 8.2c-.2 2.2-.8 4.3-1.7 6.3a26.7 26.7 0 0 0-37.9-.1l-.3.2a29 29 0 0 1-1.4-4.8z\"><\/path><\/svg>\t\t\t\t<\/span>\n\t\t\t<\/div>\n\t\t\t\n\t\t\t\t\t\t<div class=\"elementor-icon-box-content\">\n\n\t\t\t\t\t\t\t\t\t<h4 class=\"elementor-icon-box-title\">\n\t\t\t\t\t\t<span  >\n\t\t\t\t\t\t\tPrototipleme ve Test Hizmetleri\t\t\t\t\t\t<\/span>\n\t\t\t\t\t<\/h4>\n\t\t\t\t\n\t\t\t\t\t\t\t\t\t<p class=\"elementor-icon-box-description\">\n\t\t\t\t\t\t\u00dcr\u00fcnlerinizi test edip, performans\u0131n\u0131 en y\u00fcksek seviyeye \u00e7\u0131kar\u0131yoruz.\t\t\t\t\t<\/p>\n\t\t\t\t\n\t\t\t<\/div>\n\t\t\t\n\t\t<\/div>\n\t\t\t\t\t\t<\/div>\n\t\t\t\t<\/div>\n\t\t\t\t\t<\/div>\n\t\t\t\t<\/div>\n\t\t<div class=\"elementor-element elementor-element-2c0be2d e-flex e-con-boxed e-con e-parent\" data-id=\"2c0be2d\" data-element_type=\"container\">\n\t\t\t\t\t<div class=\"e-con-inner\">\n\t\t\t\t<div class=\"elementor-element elementor-element-d08a1a2 elementor-widget-divider--view-line elementor-widget elementor-widget-divider\" data-id=\"d08a1a2\" data-element_type=\"widget\" data-widget_type=\"divider.default\">\n\t\t\t\t\t\t\t<div class=\"elementor-divider\">\n\t\t\t<span class=\"elementor-divider-separator\">\n\t\t\t\t\t\t<\/span>\n\t\t<\/div>\n\t\t\t\t\t\t<\/div>\n\t\t\t\t\t<\/div>\n\t\t\t\t<\/div>\n\t\t\t\t<\/div>\n\t\t","protected":false},"excerpt":{"rendered":"<p>\u0130\u015finizdeki arkada\u015f\u0131n\u0131z Donan\u0131m Tasar\u0131m\u0131, PCB Devre Bask\u0131s\u0131, Ar-Ge Dan\u0131\u015fmanl\u0131k ve G\u00f6m\u00fcl\u00fc Sistemlerdeki deneyimlerimiz ile sizlerleyiz. Hakk\u0131m\u0131zda bilmeniz gerekenler Yenilik\u00e7i m\u00fchendisli\u011fimizle, gelece\u011fin elektronik devrelerini bug\u00fcn tasarl\u0131yor; estetik, verimlilik ve teknolojiyi m\u00fckemmel uyumla bulu\u015fturuyoruz. Y\u0131l Deneyim 0 + M\u00fc\u015fteri 0 + Memnuniyet 0 % Hangi Hizmetleri Sunuyoruz? Y\u00fcksek performansl\u0131, g\u00fcvenilir ve \u00f6zelle\u015ftirilmi\u015f elektronik \u00e7\u00f6z\u00fcmler sunuyoruz. Donan\u0131m Tasar\u0131m\u0131 [&hellip;]<\/p>\n","protected":false},"author":1,"featured_media":0,"parent":0,"menu_order":0,"comment_status":"closed","ping_status":"closed","template":"","meta":{"footnotes":""},"class_list":["post-795","page","type-page","status-publish","hentry"],"blocksy_meta":{"page_title_panel":"","has_hero_section":"disabled","58992816d5c675b0d0188d8e03d74c2a":"","hero_section":"type-1","hero_elements":[{"id":"custom_title","enabled":true,"heading_tag":"h1","title":"Home"},{"id":"custom_description","enabled":true,"description_visibility":{"desktop":true,"tablet":true,"mobile":false}},{"id":"custom_meta","enabled":false,"meta_elements":[{"id":"author","enabled":true,"label":"By","has_author_avatar":"yes","avatar_size":25},{"id":"post_date","enabled":true,"label":"On","date_format_source":"default","date_format":"M j, Y"},{"id":"updated_date","enabled":false,"label":"On","date_format_source":"default","date_format":"M j, Y"},{"id":"categories","enabled":false,"label":"In","style":"simple"},{"id":"comments","enabled":true}],"page_meta_elements":{"joined":true,"articles_count":true,"comments":true}},{"id":"breadcrumbs","enabled":false}],"b39f084f523290ba82e811a72ce39498":"","hero_alignment1":"CT_CSS_SKIP_RULE","hero_margin":40,"hero_alignment2":"center","hero_vertical_alignment":"center","9c9f568fa0ffab9250377c2758b20a4d":"","hero_structure":"narrow","357ab609a75a66202618f16134b26cbe":"","page_title_bg_type":"featured_image","custom_hero_background":{"attachment_id":null},"page_title_image_size":"full","parallax":{"desktop":false,"tablet":false,"mobile":false},"08ca0bb8dd075106df63ece30429134b":"","hero_height":"250px","pageTitleFont":{"family":"Default","variation":"Default","size":"30px","line-height":"CT_CSS_SKIP_RULE","letter-spacing":"CT_CSS_SKIP_RULE","text-transform":"CT_CSS_SKIP_RULE","text-decoration":"CT_CSS_SKIP_RULE"},"pageTitleFontColor":{"default":{"color":"CT_CSS_SKIP_RULEDEFAULT"}},"pageMetaFont":{"family":"Default","variation":"n6","size":"12px","line-height":"1.3","letter-spacing":"CT_CSS_SKIP_RULE","text-transform":"uppercase","text-decoration":"CT_CSS_SKIP_RULE"},"pageMetaFontColor":{"default":{"color":"CT_CSS_SKIP_RULEDEFAULT"},"hover":{"color":"CT_CSS_SKIP_RULEDEFAULT"}},"page_meta_button_type_font_colors":{"default":{"color":"CT_CSS_SKIP_RULEDEFAULT"},"hover":{"color":"CT_CSS_SKIP_RULEDEFAULT"}},"page_meta_button_type_background_colors":{"default":{"color":"CT_CSS_SKIP_RULEDEFAULT"},"hover":{"color":"CT_CSS_SKIP_RULEDEFAULT"}},"pageExcerptFont":{"family":"Default","variation":"Default","size":"CT_CSS_SKIP_RULE","line-height":"CT_CSS_SKIP_RULE","letter-spacing":"CT_CSS_SKIP_RULE","text-transform":"CT_CSS_SKIP_RULE","text-decoration":"CT_CSS_SKIP_RULE"},"pageExcerptColor":{"default":{"color":"CT_CSS_SKIP_RULEDEFAULT"}},"breadcrumbsFont":{"family":"Default","variation":"Default","size":"CT_CSS_SKIP_RULE","line-height":"CT_CSS_SKIP_RULE","letter-spacing":"CT_CSS_SKIP_RULE","text-transform":"CT_CSS_SKIP_RULE","text-decoration":"CT_CSS_SKIP_RULE"},"breadcrumbsFontColor":{"default":{"color":"CT_CSS_SKIP_RULEDEFAULT"},"initial":{"color":"CT_CSS_SKIP_RULEDEFAULT"},"hover":{"color":"CT_CSS_SKIP_RULEDEFAULT"}},"pageTitleOverlay":{"background_type":"color","background_pattern":"type-1","background_image":{"attachment_id":null,"x":0,"y":0},"gradient":"linear-gradient(135deg,rgba(6,147,227,1) 0%,rgb(155,81,224) 100%)","background_repeat":"repeat","background_size":"auto","background_attachment":"scroll","patternColor":{"default":{"color":"#e5e7ea"}},"overlayColor":{"default":{"color":"CT_CSS_SKIP_RULE"}},"backgroundColor":{"default":{"color":"CT_CSS_SKIP_RULE"}}},"pageTitleBackground":{"background_type":"color","background_pattern":"type-1","background_image":{"attachment_id":null,"x":0,"y":0},"gradient":"linear-gradient(135deg,rgba(6,147,227,1) 0%,rgb(155,81,224) 100%)","background_repeat":"repeat","background_size":"auto","background_attachment":"scroll","patternColor":{"default":{"color":"#e5e7ea"}},"overlayColor":{"default":{"color":"CT_CSS_SKIP_RULE"}},"backgroundColor":{"default":{"color":"var(--theme-palette-color-6)"}}},"pageTitlePadding":{"top":"50px","bottom":"50px","left":"auto","right":"auto","linked":true},"6a702172fc99ce2486fdb1b30b465945":"","page_structure_type":"default","8037e273ec565361dbc16b54f23832be":"","content_style_source":"inherit","content_style":"wide","vertical_spacing_source":"custom","content_area_spacing":"none","background":{"background_type":"color","background_pattern":"type-1","background_image":{"attachment_id":null,"x":0,"y":0},"gradient":"linear-gradient(135deg,rgba(6,147,227,1) 0%,rgb(155,81,224) 100%)","background_repeat":"repeat","background_size":"auto","background_attachment":"scroll","patternColor":{"default":{"color":"#e5e7ea"}},"overlayColor":{"default":{"color":"CT_CSS_SKIP_RULE"}},"backgroundColor":{"default":{"color":"CT_CSS_SKIP_RULE"}}},"content_background":{"background_type":"color","background_pattern":"type-1","background_image":{"attachment_id":null,"x":0,"y":0},"gradient":"linear-gradient(135deg,rgba(6,147,227,1) 0%,rgb(155,81,224) 100%)","background_repeat":"repeat","background_size":"auto","background_attachment":"scroll","patternColor":{"default":{"color":"#e5e7ea"}},"overlayColor":{"default":{"color":"CT_CSS_SKIP_RULE"}},"backgroundColor":{"default":{"color":"var(--theme-palette-color-8)"}}},"content_boxed_shadow":{"inherit":false,"blur":18,"spread":-6,"v_offset":12,"h_offset":0,"inset":false,"enable":true,"color":{"color":"rgba(34, 56, 101, 0.04)"}},"content_boxed_border":{"width":1,"style":"none","color":{"color":"rgba(44,62,80,0.2)"}},"content_boxed_radius":{"top":"3px","bottom":"3px","left":"3px","right":"3px","linked":true},"boxed_content_spacing":{"desktop":{"top":"40px","bottom":"40px","left":"40px","right":"40px","linked":true},"tablet":{"top":"35px","bottom":"35px","left":"35px","right":"35px","linked":true},"mobile":{"top":"20px","bottom":"20px","left":"20px","right":"20px","linked":true}},"f04324844c71a64ddad87fca7a875ecc":"","disable_featured_image":"no","disable_share_box":"no","disable_header":"no","disable_footer":"no","styles_descriptor":{"styles":{"desktop":"","tablet":"","mobile":""},"google_fonts":[],"version":6}},"_links":{"self":[{"href":"https:\/\/semelektronik.com\/index.php?rest_route=\/wp\/v2\/pages\/795","targetHints":{"allow":["GET"]}}],"collection":[{"href":"https:\/\/semelektronik.com\/index.php?rest_route=\/wp\/v2\/pages"}],"about":[{"href":"https:\/\/semelektronik.com\/index.php?rest_route=\/wp\/v2\/types\/page"}],"author":[{"embeddable":true,"href":"https:\/\/semelektronik.com\/index.php?rest_route=\/wp\/v2\/users\/1"}],"replies":[{"embeddable":true,"href":"https:\/\/semelektronik.com\/index.php?rest_route=%2Fwp%2Fv2%2Fcomments&post=795"}],"version-history":[{"count":51,"href":"https:\/\/semelektronik.com\/index.php?rest_route=\/wp\/v2\/pages\/795\/revisions"}],"predecessor-version":[{"id":1686,"href":"https:\/\/semelektronik.com\/index.php?rest_route=\/wp\/v2\/pages\/795\/revisions\/1686"}],"wp:attachment":[{"href":"https:\/\/semelektronik.com\/index.php?rest_route=%2Fwp%2Fv2%2Fmedia&parent=795"}],"curies":[{"name":"wp","href":"https:\/\/api.w.org\/{rel}","templated":true}]}}